[INFO] cloning repository https://github.com/cbiffle/rp2040-rustboot
[INFO] running `Command { std: "git" "-c" "credential.helper=" "-c" "credential.helper=/workspace/cargo-home/bin/git-credential-null" "clone" "--bare" "https://github.com/cbiffle/rp2040-rustboot" "/workspace/cache/git-repos/https%3A%2F%2Fgithub.com%2Fcbiffle%2Frp2040-rustboot", kill_on_drop: false }`
[INFO] [stderr] Cloning into bare repository '/workspace/cache/git-repos/https%3A%2F%2Fgithub.com%2Fcbiffle%2Frp2040-rustboot'...
[INFO] running `Command { std: "git" "rev-parse" "HEAD", kill_on_drop: false }`
[INFO] [stdout] eb4d9716579ba0ad9b355d846b7cb1c6ecfd7175
[INFO] checking cbiffle/rp2040-rustboot against master#e6e4f7ed1589e03bc2f6c5931c1a72e7947e8682 for beta-170-4
[INFO] running `Command { std: "git" "clone" "/workspace/cache/git-repos/https%3A%2F%2Fgithub.com%2Fcbiffle%2Frp2040-rustboot" "/workspace/builds/worker-1-tc2/source", kill_on_drop: false }`
[INFO] [stderr] Cloning into '/workspace/builds/worker-1-tc2/source'...
[INFO] [stderr] done.
[INFO] validating manifest of git repo https://github.com/cbiffle/rp2040-rustboot on toolchain e6e4f7ed1589e03bc2f6c5931c1a72e7947e8682
[INFO] running `Command { std: CARGO_HOME="/workspace/cargo-home" RUSTUP_HOME="/workspace/rustup-home" "/workspace/cargo-home/bin/cargo" "+e6e4f7ed1589e03bc2f6c5931c1a72e7947e8682" "metadata" "--manifest-path" "Cargo.toml" "--no-deps", kill_on_drop: false }`
[INFO] removed /workspace/builds/worker-1-tc2/source/.cargo/config
[INFO] removed /workspace/builds/worker-1-tc2/source/rust-toolchain.toml
[INFO] started tweaking git repo https://github.com/cbiffle/rp2040-rustboot
[INFO] finished tweaking git repo https://github.com/cbiffle/rp2040-rustboot
[INFO] tweaked toml for git repo https://github.com/cbiffle/rp2040-rustboot written to /workspace/builds/worker-1-tc2/source/Cargo.toml
[INFO] crate git repo https://github.com/cbiffle/rp2040-rustboot already has a lockfile, it will not be regenerated
[INFO] running `Command { std: CARGO_HOME="/workspace/cargo-home" RUSTUP_HOME="/workspace/rustup-home" "/workspace/cargo-home/bin/cargo" "+e6e4f7ed1589e03bc2f6c5931c1a72e7947e8682" "fetch" "--manifest-path" "Cargo.toml", kill_on_drop: false }`
[INFO] running `Command { std: "docker" "create" "-v" "/var/lib/crater-agent-workspace/builds/worker-1-tc2/target:/opt/rustwide/target:rw,Z" "-v" "/var/lib/crater-agent-workspace/builds/worker-1-tc2/source:/opt/rustwide/workdir:ro,Z" "-v" "/var/lib/crater-agent-workspace/cargo-home:/opt/rustwide/cargo-home:ro,Z" "-v" "/var/lib/crater-agent-workspace/rustup-home:/opt/rustwide/rustup-home:ro,Z" "-e" "SOURCE_DIR=/opt/rustwide/workdir" "-e" "CARGO_TARGET_DIR=/opt/rustwide/target" "-e" "CARGO_HOME=/opt/rustwide/cargo-home" "-e" "RUSTUP_HOME=/opt/rustwide/rustup-home" "-w" "/opt/rustwide/workdir" "-m" "1610612736" "--user" "0:0" "--network" "none" "ghcr.io/rust-lang/crates-build-env/linux@sha256:19e73879b68f455e41552ea35293514db52ea292d993f571636dbffedb77a1ee" "/opt/rustwide/cargo-home/bin/cargo" "+e6e4f7ed1589e03bc2f6c5931c1a72e7947e8682" "metadata" "--no-deps" "--format-version=1", kill_on_drop: false }`
[INFO] [stdout] bb135dfc7d3ef59fdd2d5300b54234aaf1f70d83dd8552ffc035e7e5628ca8a2
[INFO] running `Command { std: "docker" "start" "-a" "bb135dfc7d3ef59fdd2d5300b54234aaf1f70d83dd8552ffc035e7e5628ca8a2", kill_on_drop: false }`
[INFO] running `Command { std: "docker" "inspect" "bb135dfc7d3ef59fdd2d5300b54234aaf1f70d83dd8552ffc035e7e5628ca8a2", kill_on_drop: false }`
[INFO] running `Command { std: "docker" "rm" "-f" "bb135dfc7d3ef59fdd2d5300b54234aaf1f70d83dd8552ffc035e7e5628ca8a2", kill_on_drop: false }`
[INFO] [stdout] bb135dfc7d3ef59fdd2d5300b54234aaf1f70d83dd8552ffc035e7e5628ca8a2
[INFO] running `Command { std: "docker" "create" "-v" "/var/lib/crater-agent-workspace/builds/worker-1-tc2/target:/opt/rustwide/target:rw,Z" "-v" "/var/lib/crater-agent-workspace/builds/worker-1-tc2/source:/opt/rustwide/workdir:ro,Z" "-v" "/var/lib/crater-agent-workspace/cargo-home:/opt/rustwide/cargo-home:ro,Z" "-v" "/var/lib/crater-agent-workspace/rustup-home:/opt/rustwide/rustup-home:ro,Z" "-e" "SOURCE_DIR=/opt/rustwide/workdir" "-e" "CARGO_TARGET_DIR=/opt/rustwide/target" "-e" "CARGO_INCREMENTAL=0" "-e" "RUST_BACKTRACE=full" "-e" "RUSTFLAGS=--cap-lints=forbid" "-e" "RUSTDOCFLAGS=--cap-lints=forbid" "-e" "CARGO_HOME=/opt/rustwide/cargo-home" "-e" "RUSTUP_HOME=/opt/rustwide/rustup-home" "-w" "/opt/rustwide/workdir" "-m" "1610612736" "--user" "0:0" "--network" "none" "ghcr.io/rust-lang/crates-build-env/linux@sha256:19e73879b68f455e41552ea35293514db52ea292d993f571636dbffedb77a1ee" "/opt/rustwide/cargo-home/bin/cargo" "+e6e4f7ed1589e03bc2f6c5931c1a72e7947e8682" "check" "--frozen" "--all" "--all-targets" "--message-format=json", kill_on_drop: false }`
[INFO] [stdout] 4eaaf44cb38b8895339f54c4cb52d2b9e38377e8948c78fea0466ca8c1d2b53e
[INFO] running `Command { std: "docker" "start" "-a" "4eaaf44cb38b8895339f54c4cb52d2b9e38377e8948c78fea0466ca8c1d2b53e", kill_on_drop: false }`
[INFO] [stderr]    Compiling proc-macro2 v1.0.38
[INFO] [stderr]    Compiling unicode-xid v0.2.3
[INFO] [stderr]    Compiling syn v1.0.92
[INFO] [stderr]    Compiling libc v0.2.125
[INFO] [stderr]     Checking nb v1.0.0
[INFO] [stderr]    Compiling cortex-m v0.7.4
[INFO] [stderr]     Checking hashbrown v0.11.2
[INFO] [stderr]     Checking vcell v0.1.3
[INFO] [stderr]    Compiling heck v0.4.0
[INFO] [stderr]     Checking os_str_bytes v6.0.0
[INFO] [stderr]    Compiling bare-metal v0.2.5
[INFO] [stderr]    Compiling rp2040-pac v0.3.0
[INFO] [stderr]     Checking bitfield v0.13.2
[INFO] [stderr]     Checking debug-helper v0.3.13
[INFO] [stderr]     Checking plain v0.2.3
[INFO] [stderr]    Compiling rp2040-rustboot v0.1.0 (/opt/rustwide/workdir)
[INFO] [stderr]     Checking volatile-register v0.2.1
[INFO] [stderr]     Checking panic-halt v0.2.0
[INFO] [stderr]     Checking nb v0.1.3
[INFO] [stderr]     Checking crc-any v2.4.2
[INFO] [stderr]     Checking embedded-hal v0.2.7
[INFO] [stderr]     Checking clap_lex v0.2.0
[INFO] [stderr]     Checking indexmap v1.8.1
[INFO] [stderr]    Compiling quote v1.0.18
[INFO] [stderr]     Checking atty v0.2.14
[INFO] [stderr]    Compiling proc-macro-error-attr v1.0.4
[INFO] [stderr]    Compiling proc-macro-error v1.0.4
[INFO] [stderr]    Compiling scroll_derive v0.10.5
[INFO] [stderr]    Compiling clap_derive v3.1.7
[INFO] [stderr]     Checking scroll v0.10.2
[INFO] [stderr]     Checking goblin v0.4.3
[INFO] [stderr]     Checking clap v3.1.17
[INFO] [stdout] error: must define a chip-* feature
[INFO] [stdout]   --> src/main.rs:43:9
[INFO] [stdout]    |
[INFO] [stdout] 43 |         compile_error!("must define a chip-* feature");
[INFO] [stdout]    |         ^^^^^^^^^^^^^^^^^^^^^^^^^^^^^^^^^^^^^^^^^^^^^^
[INFO] [stdout] 
[INFO] [stdout] 
[INFO] [stdout] error[E0425]: cannot find value `WAIT_CYCLES` in this scope
[INFO] [stdout]    --> src/main.rs:201:33
[INFO] [stdout]     |
[INFO] [stdout] 201 |             .wait_cycles().bits(WAIT_CYCLES)
[INFO] [stdout]     |                                 ^^^^^^^^^^^ not found in this scope
[INFO] [stdout] 
[INFO] [stdout] 
[INFO] [stdout] error[E0425]: cannot find value `CMD_READ` in this scope
[INFO] [stdout]    --> src/main.rs:211:45
[INFO] [stdout]     |
[INFO] [stdout] 211 |     p.XIP_SSI.dr0.write(|w| unsafe { w.bits(CMD_READ) });
[INFO] [stdout]     |                                             ^^^^^^^^ not found in this scope
[INFO] [stdout] 
[INFO] [stdout] 
[INFO] [stdout] error[E0425]: cannot find value `WAIT_CYCLES` in this scope
[INFO] [stdout]    --> src/main.rs:225:33
[INFO] [stdout]     |
[INFO] [stdout] 225 |             .wait_cycles().bits(WAIT_CYCLES)
[INFO] [stdout]     |                                 ^^^^^^^^^^^ not found in this scope
[INFO] [stdout] 
[INFO] [stdout] 
[INFO] [stdout] error: language item required, but not found: `eh_personality`
[INFO] [stdout]   |
[INFO] [stdout]   = note: this can occur when a binary crate with `#![no_std]` is compiled for a target where `eh_personality` is defined in the standard library
[INFO] [stdout]   = help: you may be able to compile for a target that doesn't need `eh_personality`, specify a target with `--target` or in `.cargo/config`
[INFO] [stdout] 
[INFO] [stdout] 
[INFO] [stdout] error: aborting due to 5 previous errors
[INFO] [stdout] 
[INFO] [stdout] 
[INFO] [stdout] For more information about this error, try `rustc --explain E0425`.
[INFO] [stdout] 
[INFO] [stderr] error: could not compile `rp2040-rustboot` (bin "rp2040-rustboot") due to 6 previous errors
[INFO] [stderr] warning: build failed, waiting for other jobs to finish...
[INFO] running `Command { std: "docker" "inspect" "4eaaf44cb38b8895339f54c4cb52d2b9e38377e8948c78fea0466ca8c1d2b53e", kill_on_drop: false }`
[INFO] running `Command { std: "docker" "rm" "-f" "4eaaf44cb38b8895339f54c4cb52d2b9e38377e8948c78fea0466ca8c1d2b53e", kill_on_drop: false }`
[INFO] [stdout] 4eaaf44cb38b8895339f54c4cb52d2b9e38377e8948c78fea0466ca8c1d2b53e
